inder when 853 is divided by 185.
113
Calculate the remainder when 6852 is divided by 23.
21
Calculate the remainder when 329 is divided by 48.
41
What is the remainder when 260 is divided by 79?
23
What is the remainder when 150 is divided by 31?
26
What is the remainder when 54 is divided by 19?
16
Calculate the remainder when 207 is divided by 39.
12
Calculate the remainder when 17225 is divided by 29.
28
What is the remainder when 191 is divided by 39?
35
What is the remainder when 191 is divided by 24?
23
Calculate the remainder when 453 is divided by 113.
1
Calculate the remainder when 6791 is divided by 3393.
5
What is the remainder when 493 is divided by 54?
7
Calculate the remainder when 1866 is divided by 170.
166
Calculate the remainder when 9 is divided by 8.
1
Calculate the remainder when 6150 is divided by 228.
222
What is the remainder when 2845 is divided by 238?
227
Calculate the remainder when 21 is divided by 11.
10
What is the remainder when 1717 is divided by 114?
7
What is the remainder when 26 is divided by 10?
6
Calculate the remainder when 1216 is divided by 205.
191
Calculate the remainder when 83 is divided by 74.
9
Calculate the remainder when 39 is divided by 23.
16
Calculate the remainder when 3598 is divided by 15.
13
What is the remainder when 1120 is divided by 1?
0
What is the remainder when 36 is divided by 23?
13
What is the remainder when 2877 is divided by 80?
77
What is the remainder when 284 is divided by 28?
4
Calculate the remainder when 484 is divided by 90.
34
What is the remainder when 88 is divided by 29?
1
Calculate the remainder when 1367 is divided by 73.
53
Calculate the remainder when 406 is divided by 128.
22
What is the remainder when 76 is divided by 12?
4
Calculate the remainder when 57 is divided by 11.
2
Calculate the remainder when 192 is divided by 39.
36
Calculate the remainder when 3257 is divided by 71.
62
What is the remainder when 2519 is divided by 97?
94
What is the remainder when 40 is divided by 14?
12
What is the remainder when 346 is divided by 173?
0
Calculate the remainder when 158 is divided by 67.
24
Calculate the remainder when 51 is divided by 4.
3
What is the remainder when 219 is divided by 19?
10
What is the remainder when 3039 is divided by 169?
166
Calculate the remainder when 1137 is divided by 114.
111
What is the remainder when 154 is divided by 7?
0
What is the remainder when 126 is divided by 42?
0
Calculate the remainder when 824 is divided by 138.
134
What is the remainder when 4475 is divided by 44?
31
Calculate the remainder when 69 is divided by 20.
9
Calculate the remainder when 391 is divided by 18.
13
What is the remainder when 130 is divided by 15?
10
What is the remainder when 834 is divided by 310?
214
What is the remainder when 5226 is divided by 109?
103
Calculate the remainder when 124 is divided by 25.
24
Calculate the remainder when 2272 is divided by 20.
12
What is the remainder when 184 is divided by 47?
43
What is the remainder when 683 is divided by 335?
13
Calculate the remainder when 1343 is divided by 32.
31
Calculate the remainder when 297 is divided by 77.
66
What is the remainder when 959 is divided by 26?
23
What is the remainder when 133 is divided by 35?
28
What is the remainder when 285 is divided by 96?
93
What is the remainder when 1142 is divided by 290?
272
Calculate the remainder when 310 is divided by 4.
2
What is the remainder when 245 is divided by 6?
5
What is the remainder when 5501 is divided by 42?
41
Calculate the remainder when 472 is divided by 61.
45
What is the remainder when 48 is divided by 19?
10
Calculate the remainder when 154 is divided by 16.
10
Calculate the remainder when 888 is divided by 27.
24
What is the remainder when 958 is divided by 111?
70
Calculate the remainder when 492 is divided by 13.
11
What is the remainder when 983 is divided by 158?
35
Calculate the remainder when 431 is divided by 27.
26
What is the remainder when 77 is divided by 50?
27
What is the remainder when 603 is divided by 55?
53
What is the remainder when 117 is divided by 15?
12
Calculate the remainder when 2628 is divided by 451.
373
What is the remainder when 32 is divided by 21?
11
What is the remainder when 1154 is divided by 12?
2
What is the remainder when 648 is divided by 13?
11
Calculate the remainder when 113 is divided by 17.
11
What is the remainder when 843 is divided by 124?
99
What is the remainder when 173 is divided by 61?
51
What is the remainder when 465 is divided by 125?
90
Calculate the remainder when 335 is divided by 48.
47
What is the remainder when 92 is divided by 85?
7
What is the remainder when 4614 is divided by 22?
16
What is the remainder when 9580 is divided by 2394?
4
Calculate the remainder when 482 is divided by 82.
72
Calculate the remainder when 281 is divided by 203.
78
What is the remainder when 5216 is divided by 6?
2
Calculate the remainder when 396 is divided by 206.
190
What is the remainder when 52 is divided by 7?
3
What is the remainder when 1841 is divided by 77?
70
Calculate the remainder when 4309 is divided by 476.
25
Calculate the remainder when 16 is divided by 13.
3
What is the remainder when 35 is divided by 16?
3
Calculate the remainder when 272 is divided by 69.
65
What is the remainder when 69 is divided by 10?
9
Calculate the remainder when 842 is divided by 309.
224
What is the remainder when 1727 is divided by 60?
47
Calculate the remainder when 509 is divided by 87.
74
What is the remainder when 508 is divided by 37?
27
Calculate the remainder when 182 is divided by 17.
12
Calculate the remainder when 167 is divided by 94.
73
Calculate the remainder when 4741 is divided by 1580.
1
Calculate the remainder when 302 is divided by 157.
145
What is the remainder when 6347 is divided by 69?
68
What is the remainder when 398 is divided by 16?
14
What is the remainder when 2105 is divided by 81?
80
What is the remainder when 747 is divided by 73?
17
What is the remainder when 6953 is divided by 4?
1
Calculate the remainder when 1998 is divided by 26.
22
What is the remainder when 237 is divided by 225?
12
What is the remainder when 642 is divided by 65?
57
Calculate the remainder when 167 is divided by 140.
27
What is the remainder when 294 is divided by 85?
39
Calculate the remainder when 180 is divided by 26.
24
Calculate the remainder when 151 is divided by 22.
19
Calculate the remainder when 376 is divided by 75.
1
What is the remainder when 290 is divided by 11?
4
What is the remainder when 306 is divided by 13?
7
Calculate the remainder when 222 is divided by 29.
19
Calculate the remainder when 4479 is divided by 140.
139
Calculate the remainder when 3618 is divided by 20.
18
What is the remainder when 71 is divided by 20?
11
Calculate the remainder when 188 is divided by 38.
36
Calculate the remainder when 1643 is divided by 339.
287
Calculate the remainder when 312 is divided by 21.
18
Calculate the remainder when 1803 is divided by 11.
10
Calculate the remainder when 20377 is divided by 46.
45
What is the remainder when 172 is divided by 36?
28
Calculate the remainder when 813 is divided by 117.
111
Calculate the remainder when 1190 is divided by 23.
17
What is the remainder when 23 is divided by 12?
11
Calculate the remainder when 338 is divided by 20.
18
Calculate the remainder when 1199 is divided by 16.
15
What is the remainder when 2354 is divided by 13?
1
What is the remainder when 1061 is divided by 489?
83
What is the remainder when 11 is divided by 7?
4
What is the remainder when 548 is divided by 146?
110
What is the remainder when 79 is divided by 6?
1
Calculate the remainder when 6021 is divided by 90.
81
Calculate the remainder when 93 is divided by 21.
9
Calculate the remainder when 327 is divided by 49.
33
Calculate the remainder when 3781 is divided by 86.
83
What is the remainder when 2367 is divided by 393?
9
Calculate the remainder when 819 is divided by 189.
63
Calculate the remainder when 1083 is divided by 31.
29
Calculate the remainder when 243 is divided by 10.
3
Calculate the remainder when 57 is divided by 5.
2
Calculate the remainder when 5 is divided by 4.
1
Calculate the remainder when 100 is divided by 75.
25
Calculate the remai